 5*j + 20. Give h(-3).
68
Let l(o) = -o**3 + 24*o**2 - 7*o - 37. What is l(24)?
-205
Let l(w) = w**3 + 2*w**2 - 21*w - 36. Calculate l(-5).
-6
Let x(n) = 39*n - 599. Determine x(15).
-14
Let a(j) = -134*j + 2488. Give a(20).
-192
Let u(d) = d**3 + 14*d**2 - 274*d + 6. What is u(11)?
17
Let r(i) = 16*i**2 + 209*i - 205. Calculate r(-14).
5
Let n(r) = -r**3 + 8*r**2 - 3*r + 29. Determine n(8).
5
Let l(m) = 6*m**3 + 5*m**2 + 7*m - 22. Calculate l(-4).
-354
Let p(z) = -10*z**2 + 31*z + 43. Give p(-2).
-59
Let z(s) = -2519*s + 17653. Determine z(7).
20
Let f(j) = -2*j**3 - 10*j**2 + 5*j + 10. Give f(-4).
-42
Let o(m) = 628*m + 2145. Calculate o(-4).
-367
Let m(p) = -115*p - 64. Give m(2).
-294
Let w(k) = -10*k**2 + 201*k - 18. Give w(20).
2
Let u(z) = 3*z - 101. Give u(49).
46
Let n(m) = -m**3 - 17*m**2 - 8*m - 48. Determine n(-15).
-378
Let p(v) = 6*v + 81. Determine p(-10).
21
Let l(q) = -q**3 - 11*q**2 + 8*q + 239. Give l(-9).
5
Let b(v) = v**3 - 12*v**2 - 62*v + 895. Give b(9).
94
Let a(v) = -v**2 - 48*v - 557. Determine a(-35).
-102
Let j(n) = -17*n**2 - 164*n + 8. Determine j(-10).
-52
Let d(u) = 1632*u - 4918. What is d(3)?
-22
Let o(r) = -r**2 - 10*r - 77. Give o(-13).
-116
Let d(u) = 2*u**2 - 24*u + 79. Give d(11).
57
Let g(u) = 2*u**2 - 53*u - 46. Determine g(-9).
593
Let a(d) = -d**3 - 157*d**2 + 1680*d - 80. What is a(10)?
20
Let v(g) = -408*g - 5345. Calculate v(-13).
-41
Let p(l) = 6*l - 89. Calculate p(18).
19
Let q(t) = 80*t - 1125. Calculate q(14).
-5
Let n(h) = h**2 - 15*h + 59. What is n(-18)?
653
Let a(u) = -14*u - 548. What is a(19)?
-814
Let x(o) = 6*o**2 + 290*o + 94. Determine x(-48).
-2
Let l(v) = -6*v**2 + 72*v + 1. Give l(12).
1
Let o(t) = -t**3 - 3*t**2 - 4*t + 11. What is o(0)?
11
Let b(s) = 2*s**2 - 41*s + 100. Give b(17).
-19
Let z(h) = -60*h**3 - h**2 - 2*h. Determine z(1).
-63
Let d(j) = 7*j**2 + 4*j - 14. Determine d(-6).
214
Let l(d) = -4*d - 178. What is l(-48)?
14
Let z(p) = -87*p - 1921. What is z(-22)?
-7
Let t(a) = -576*a - 569. Calculate t(-1).
7
Let f(j) = -122*j + 497. Determine f(4).
9
Let x(j) = 63*j - 4733. Calculate x(75).
-8
Let j(a) = a**2 + 246*a + 4731. Calculate j(-21).
6
Let s(o) = -2*o**2 + 173*o - 514. Determine s(84).
-94
Let m(o) = -o**3 - 24*o**2 + 61*o + 104. Give m(-26).
-130
Let g(m) = -29*m + 2120. Determine g(73).
3
Let i(v) = 41*v**2 - 10*v - 393. Calculate i(-3).
6
Let r(w) = -w**3 - 41*w**2 - 179*w + 49. Calculate r(-36).
13
Let t(o) = 27*o + 389. Calculate t(-14).
11
Let y(h) = -h**2 - 39*h + 88. What is y(-41)?
6
Let p(d) = -d**2 - 26*d + 1. What is p(-26)?
1
Let x(h) = -h**2 - 252*h + 6671. Calculate x(24).
47
Let j(n) = -n**3 + 14*n**2 + 88*n - 1354. Give j(12).
-10
Let b(z) = -311*z + 611. Give b(2).
-11
Let q(h) = -5*h - 60. Calculate q(8).
-100
Let t(d) = -2*d**3 - 116*d**2 + 140*d + 1278. Calculate t(-59).
-20
Let x(k) = -3*k**2 + 59*k - 161. Calculate x(18).
-71
Let w(c) = 53*c + 2261. Give w(-43).
-18
Let p(v) = -v**3 - 11*v**2 + 5*v + 66. What is p(-11)?
11
Let c(q) = q**3 - 10*q**2 + q - 54. Give c(12).
246
Let r(h) = -h**3 + 26*h**2 + 265*h - 59. What is r(-8)?
-3
Let y(b) = 95*b**2 - 24*b + 47. Calculate y(2).
379
Let s(r) = -r**3 + 97*r**2 + 16*r - 1569. Determine s(97).
-17
Let b(l) = 2*l**3 - 19*l**2 + 8*l + 20. Give b(9).
11
Let q(i) = -i**3 - 21*i**2 + 12*i + 10. Give q(-22).
230
Let o(n) = 5*n - 317. Calculate o(-34).
-487
Let s(j) = 6*j**2 + 62*j - 140. Give s(-12).
-20
Let z(l) = 17*l**2 - 61*l - 532. Give z(-8).
1044
Let k(c) = -3*c**3 - 104*c**2 + 643*c + 116. Determine k(-40).
-4
Let j(d) = 22*d + 232. What is j(-9)?
34
Let r(c) = -37*c + 72. Calculate r(1).
35
Let t(y) = 63*y + 3807. Determine t(-64).
-225
Let d(x) = x**3 - 96*x**2 + 155*x - 5698. Determine d(95).
2
Let s(i) = 58*i + 622. Determine s(-11).
-16
Let j(q) = -2*q**3 - 44*q**2 - 26*q - 578. Calculate j(-22).
-6
Let l(d) = 4*d**2 + 47*d + 202. Calculate l(-4).
78
Let g(o) = 423*o - 8829. Calculate g(21).
54
Let y(r) = -r**3 + 12*r**2 - 40*r + 322. Determine y(11).
3
Let o(m) = -228*m**2 - 451*m + 3. What is o(-2)?
-7
Let q(f) = 2126*f + 14877. Determine q(-7).
-5
Let m(q) = -2*q**2 - 28*q - 81. Determine m(-5).
9
Let l(v) = -v**3 - 25*v**2 - 67*v - 187. Determine l(-22).
-165
Let q(u) = 524*u**2 - 2620*u - 13. Give q(5).
-13
Let r(f) = -3*f**2 - 103*f + 11839. What is r(48)?
-17
Let j(n) = -24*n**2 - 135*n + 66. Determine j(-6).
12
Let t(x) = -2652*x - 21222. Give t(-8).
-6
Let a(t) = 14*t - 1323. What is a(93)?
-21
Let v(l) = l**2 + 114*l + 2221. Determine v(-25).
-4
Let r(s) = -16*s - 24. Determine r(-4).
40
Let g(l) = -l**2 + 60*l + 123. Give g(61).
62
Let i(u) = -51*u**2 - 333*u - 154. Determine i(-6).
8
Let b(n) = -55*n - 174. Determine b(-5).
101
Let u(v) = -v**2 + 5*v + 457. Determine u(-19).
1
Let c(n) = -n**3 - 10*n**2 + 29*n - 52. Calculate c(-12).
-112
Let a(v) = -29*v**2 - 11*v - 36. Determine a(-3).
-264
Let z(c) = 179*c - 898. Give z(5).
-3
Let d(n) = -60*n - 6875. Determine d(-114).
-35
Let k(a) = -4*a**2 - 360*a + 10952. What is k(-114)?
8
Let x(h) = -h**3 + 12*h**2 + 126*h + 110. Calculate x(-6).
2
Let c(q) = -10*q**2 - 529*q - 484. Give c(-52).
-16
Let p(c) = c**2 - 69. Calculate p(7).
-20
Let v(n) = 153*n + 24141. Calculate v(-158).
-33
Let l(c) = -c**3 + 4*c**2 + 31*c - 104. Calculate l(6).
10
Let z(y) = 61*y + 179. Give z(-3).
-4
Let a(m) = -3*m**2 - 113*m - 457. Calculate a(-33).
5
Let u(z) = z**2 - 22*z + 77. Determine u(4).
5
Let u(n) = -n**3 - 5*n**2 + 2*n + 40. Give u(-4).
16
Let i(k) = k**2 + 88*k - 97. Give i(-89).
-8
Let s(d) = -17*d - 10. Determine s(12).
-214
Let v(r) = -10*r**2 + 77*r - 84. Determine v(7).
-35
Let c(t) = -17*t + 239. Give c(21).
-118
Let u(w) = w**3 + 29*w**2 + 197*w + 945. What is u(-22)?
-1
Let u(h) = -2*h**3 + 82*h**2 - 832*h + 20. What is u(23)?
-72
Let u(z) = -z**2 - 2*z - 285. Calculate u(0).
-285
Let h(t) = t**2 + 12*t + 49. Determine h(11).
302
Let j(p) = -265*p + 14012. Determine j(53).
-33
Let x(q) = -46*q**3 - 3*q**2 - 3*q + 1. Determine x(-1).
47
Let h(d) = 2*d**2 - 27*d - 10. Calculate h(14).
4
Let k(s) = -870*s - 1738. Determine k(-2).
2
Let f(g) = -g**3 + 17*g**2 - 29*g - 75. Give f(15).
-60
Let z(t) = t**3 + 7*t**2 + 2*t + 153. Calculate z(-9).
-27
Let r(b) = 7*b**3 - 230*b**2 - 36*b + 76. What is r(33)?
-23
Let q(m) = m**2 - 73*m + 1146. Give q(23).
-4
Let z(v) = -6*v**2 + 197*v - 1183. Give z(25).
-8
Let l(g) = -117*g - 917. Calculate l(-8).
19
Let n(l) = -l**3 - 21*l**2 - 98*l - 57. Give n(-6).
-9
Let k(m) = m**3 + 13*m**2 + 30*m - 98. Determine k(-7).
-14
Let s(g) = -98*g**2 + 192*g + 3. Calculate s(2).
-5
Let r(g) = 3*g**3 + 18*g**2 - 46*g + 28. What is r(4)?
324
Let w(q) = -q**2 - 10*q + 22. What is w(2)?
-2
Let f(o) = o**2 + 10*o - 106. Determine f(6).
-10
Let r(v) = -11*v + 223. Give r(17).
36
Let p(j) = j**3 - 46*j**2 - 25*j - 1061. Calculate p(47).
-27
Let r(z) = -31*z + 622. Calculate r(20).
2
Let u(y) = y**2 + 43*y + 483. Determine u(-17).
41
Let u(h) = -44*h - 466. Determine u(-14).
150
Let u(o) = 4*o**2 - 16*o - 2. What is u(3)?
-14
Let q(w) = 61*w + 594. Determine q(-10).
-16
Let x(u) = -4*u**3 + 218*u**2 - 520*u + 9. Determine x(52).
9
Let b(h) = -h**3 - 41*h**2 + 2*h + 41. Calculate b(-41).
-41
Let m(r) = -r**3 + 12*r**2 + 29*r - 210. Calculate m(13).
-2
Let z(f) = 3*f**2 + 20*f + 72. Determine z(0).
72
Let a(h) = -132*h + 28. Determine a(2).
-236
Let o(u) = -u**2 - 14*u - 36. Determine o(-11).
-3
Let b(w) = 15*w**3 - 690*w**2 - 6*w + 160. Determine b(46).
-116
Let r(k) = -311*k**2 - 19591*k + 129. Give r(-63).
3
Let m(f) = -3*f**2 + 150*f + 1593. Give m(59).
0
Let v(h) = -13*h + 61. What is v(13)?
-108
Let q(c) = 196*c - 1809. Give q(11).
347
Let x(w) = w**3 + 12*w**2 + 18*w + 68. What is x(-11)?
-9
Let i(f) = -2*f**3 - 18*f**2 - 24*f + 27. Determine i(-7).
-1
Let q(i) = -2*i**3 - 84*i**2 + 95*i + 189. Give q(-43).
-198
Let b(i) = 12*i**3 + 7*i + 6. Determine b(-1).
-13
Let n(i) = -11*i**3 + 2*i**2 - 5*i - 1. What is n(-2)?
105
Let g(l) = 12*l**2 + 86*l + 5. Give g(-4).
-147
Let g(f) = -23*f - 3. Determine g(1).
-26
Let d(l) = 1952*l - 25372. Give d(13).
4
Let m(a) = -4*a**2 - 53*a + 102. Determine m(-14).
60
Let s(f) = 214*f - 1062. What is s(5)?
8
Let t(o) = 2*o**2 - 7*o - 34. What is t(9)?
65
Let i(z) = 2307